{"id":576,"date":"2015-02-26T16:36:12","date_gmt":"2015-02-26T14:36:12","guid":{"rendered":"http:\/\/www.wild-und-honigbienen.de\/?page_id=576"},"modified":"2015-06-27T23:53:15","modified_gmt":"2015-06-27T21:53:15","slug":"genetisch-veraenderte-organismen","status":"publish","type":"page","link":"http:\/\/www.wild-und-honigbienen.de\/?page_id=576","title":{"rendered":"Gentechnisch ver\u00e4nderte Organismen"},"content":{"rendered":"<p><strong><span class=\"st\">Gentechnisch<\/span> ver\u00e4nderte Organismen<\/strong><br \/>\ndazu ein Brief von Nicole Saturna<\/p>\n<p>Liebe ImkerInnen,<\/p>\n<p>letztes WE war ich auf der viert\u00e4gigen Tagung der Bundesfachgruppe der demeter-Imker in S\u00fcddeutschland.<\/p>\n<p>Thomas Radetzki (Gesch\u00e4ftsf\u00fchrer von mellifera e.V., Vorstand der Aurelia-Stiftung) hat dabei von den aktuellen Ereignissen des &#8222;B\u00fcndnis zum Schutz der Bienen&#8220; gegen Monsanto und den Anbau von gentechnisch ver\u00e4nderten Pflanzen referiert:<\/p>\n<p>Der Stand der Dinge ist der, dass das B\u00fcndniss neue Gr\u00fcnde hervorbringen muss, um den geplanten GVO &#8211; Anbau ab dem n\u00e4chsten Jahr abzuwenden. Neue Gr\u00fcnde deshalb, da sonst keine Beschwerde beim Bundesverfassungsgericht eingereicht werden kann. Der DIB, der DBIB, die \u00d6sterreichischen Berufimker und Europ\u00e4ischen Imker agieren gemeinsam als &#8222;B\u00fcndnis zum Schutz der Bienen&#8220;. Ein neuer Grund, gegen GVO zu klagen, besteht darin, dass wir Imker eine &#8222;wesentliche Beeintr\u00e4chtigung&#8220; im Sinne einer Koexistenz von GVO und nicht GVO erleiden, wenn GVO angebaut wird. Um dieses Argument der &#8222;wesentlichen Beeintr\u00e4chtigung&#8220; zu erzeugen sollten sich so viele Imker wie m\u00f6glich das Siegel &#8222;ohne Gentechnik&#8220; besorgen und auf ihre Honiggl\u00e4ser kleben!!!!!!!<\/p>\n<p>Denn:<\/p>\n<p>Wird ab 2016 GVO angebaut, so verlieren die Imker das Recht, die &#8222;ohne Gentechnik&#8220;-Zertifizierung auf ihr Honig-Glas zu kleben und haben damit einen Vermarktungsnachteil, der als &#8222;wesentliche Beeintr\u00e4chtigung&#8220; im Sinne der Koexistenzregelung anzusehen ist. Das hei\u00dft, das B\u00fcndnis kann klagen!<\/p>\n<p>Es ist daher ganz, ganz wichtig, dass alle Imker das Siegel &#8222;Ohne Gentechnik&#8220; aus Ihr Glas aufbringen.<\/p>\n<p>Ein kleines Problem: Die &#8222;ohne Gentechnik&#8220;-Siegel sind erst in 2-3 Wochen online zu erhalten, ich werde Euch dann nochmals \u00fcber Dorothea informieren.<\/p>\n<p>Praktisch: Die Siegel gibt es dann als Aufkleber f\u00fcr gesponsort wenig Geld (die Druckerei hat das gesponsort als Beitrag gegen den GVO-Anbau!). Die Zertifizierung kostet 50 \u20ac pro Jahr&#8230;das soll es uns Wert sein!<\/p>\n<p>Hier die Hintergrundinformationen zum gesamten Prozess, auch Neonicotinoide usw.:<\/p>\n<p><a href=\"http:\/\/mellifera.de\/bienenschutz\" target=\"_blank\">http:\/\/mellifera.de\/bienenschutz<\/a><\/p>\n<p>Hier die Seite, wo es nur um die Gentechnik geht<\/p>\n<p><a href=\"http:\/\/www.bienen-gentechnik.de\/gen\/gen.news\/news.gen.75\/index.html\" target=\"_blank\">http:\/\/www.bienen-gentechnik.de\/gen\/gen.news\/news.gen.75\/index.html<\/a><\/p>\n<p>Hier die Seite, wo es um das &#8222;ohne gentechnik&#8220;-Siegel geht:<\/p>\n<p><a href=\"http:\/\/www.ohnegentechnik.org\/\" target=\"_blank\">http:\/\/www.ohnegentechnik.org\/<\/a><\/p>\n<p>Und hier die Seite, die letztendlich f\u00fcr uns wichtig ist, da gibts das Siegel,&#8230;wie gesagt, erst in ein paar wenigen Wochen, Info folgt:<\/p>\n<p><a href=\"http:\/\/www.ohnegentechnik.org\/das-siegel\/siegelnutzung-bei-honig\/\" target=\"_blank\">http:\/\/www.ohnegentechnik.org\/das-siegel\/siegelnutzung-bei-honig\/<\/a><\/p>\n<p>Mit imkerlichen Gr\u00fc\u00dfen<\/p>\n<p>Nicole Saturna<\/p>\n<p>Demeter &#8211; Imkerei Nicole Saturna<br \/>\nHeckenweg 7,\u00a0\u00a0 53757 Sankt Augustin<\/p>\n<p>Tel.: +49(0)2241\/944928-4<br \/>\nFax: +49(0)2241\/944928-6<br \/>\nE-Mail: <a href=\"mailto:info@imkerei-saturna.de\" target=\"_blank\">info@imkerei-saturna.de<\/a><br \/>\n<a href=\"http:\/\/www.imkerei-saturna.de\" target=\"_blank\">www.imkerei-saturna.de<\/a><\/p>\n<p>&nbsp;<\/p>\n<p>&#8211;<\/p>\n<p>&nbsp;<\/p>\n","protected":false},"excerpt":{"rendered":"<p>Gentechnisch ver\u00e4nderte Organismen dazu ein Brief von Nicole Saturna Liebe ImkerInnen, letztes WE war ich auf der viert\u00e4gigen Tagung der Bundesfachgruppe der demeter-Imker in S\u00fcddeutschland. Thomas Radetzki (Gesch\u00e4ftsf\u00fchrer von mellifera e.V., Vorstand der Aurelia-Stiftung) hat dabei von den aktuellen Ereignissen &hellip; <a class=\"more-link\" href=\"http:\/\/www.wild-und-honigbienen.de\/?page_id=576\">Weiterlesen <span class=\"meta-nav\">&rarr;<\/span><\/a><\/p>\n","protected":false},"author":2,"featured_media":0,"parent":0,"menu_order":0,"comment_status":"closed","ping_status":"open","template":"","meta":{"footnotes":""},"_links":{"self":[{"href":"http:\/\/www.wild-und-honigbienen.de\/index.php?rest_route=\/wp\/v2\/pages\/576"}],"collection":[{"href":"http:\/\/www.wild-und-honigbienen.de\/index.php?rest_route=\/wp\/v2\/pages"}],"about":[{"href":"http:\/\/www.wild-und-honigbienen.de\/index.php?rest_route=\/wp\/v2\/types\/page"}],"author":[{"embeddable":true,"href":"http:\/\/www.wild-und-honigbienen.de\/index.php?rest_route=\/wp\/v2\/users\/2"}],"replies":[{"embeddable":true,"href":"http:\/\/www.wild-und-honigbienen.de\/index.php?rest_route=%2Fwp%2Fv2%2Fcomments&post=576"}],"version-history":[{"count":6,"href":"http:\/\/www.wild-und-honigbienen.de\/index.php?rest_route=\/wp\/v2\/pages\/576\/revisions"}],"predecessor-version":[{"id":587,"href":"http:\/\/www.wild-und-honigbienen.de\/index.php?rest_route=\/wp\/v2\/pages\/576\/revisions\/587"}],"wp:attachment":[{"href":"http:\/\/www.wild-und-honigbienen.de\/index.php?rest_route=%2Fwp%2Fv2%2Fmedia&parent=576"}],"curies":[{"name":"wp","href":"https:\/\/api.w.org\/{rel}","templated":true}]}}