{"id":512,"date":"2015-01-23T17:12:08","date_gmt":"2015-01-23T15:12:08","guid":{"rendered":"http:\/\/www.wild-und-honigbienen.de\/?page_id=512"},"modified":"2016-02-18T12:49:47","modified_gmt":"2016-02-18T10:49:47","slug":"kurs-zur-koeniginnenvermehrung","status":"publish","type":"page","link":"http:\/\/www.wild-und-honigbienen.de\/?page_id=512","title":{"rendered":"Kurs zur K\u00f6niginnenvermehrung"},"content":{"rendered":"<p><a href=\"http:\/\/www.general-anzeiger-bonn.de\/bonn\/bonn\/ippendorf\/Wie-man-eine-Koenigin-zuechtet-article1667987.html\" target=\"_blank\">\u00a0 \u00a0 &gt;Dazu auch der Zeitungsberich vom 30.6.2015&lt; <\/a><\/p>\n<p>Auch in diesem Jahr soll wieder ein <strong>Kurs zur K\u00f6niginnenvermehrung<\/strong> stattfinden.<br \/>\n<b><a href=\"https:\/\/www.dropbox.com\/sh\/djonnq6jsezsrjs\/MV7hMCtDRH\" target=\"_blank\">&gt;Link zur Info- Sammlung von Dr. Pia Aumeier zu<b>r <strong>K\u00f6niginnenvermehrung<\/strong><\/b>&lt;<\/a><\/b><br \/>\nHierzu das vollst\u00e4ndige Kursangebot des<a title=\"Kurse Rheinland 2015\" href=\"http:\/\/www.wild-und-honigbienen.de\/wp-content\/uploads\/2015\/01\/Rheinland-Veranstaltungen-kostenlos-2015_1.pdf\" target=\"_blank\"> Imkerverbandes Rheinland als &gt;pdf&lt;<\/a> &#8211; dort auf Seite 1 ist diese Tabelle zu finden:<\/p>\n<table>\n<tbody>\n<tr>\n<td width=\"258\"><\/td>\n<td width=\"336\">\n<h4>Kurs Bonn<\/h4>\n<\/td>\n<\/tr>\n<tr>\n<td width=\"258\">\n<h4>Veranstaltungsort<\/h4>\n<\/td>\n<td width=\"336\">\n<h4>INRES Abteilung Tier\u00f6kologie,<br \/>\nMelbweg 42, 53127 Bonn<\/h4>\n<\/td>\n<\/tr>\n<tr>\n<td width=\"258\">\n<h4>Anmeldung<\/h4>\n<\/td>\n<td width=\"336\">\n<h4>Friedel Mirbach, Dorothea Axtmann;<br \/>\n<a href=\"mailto:imker@wild-und-honigbienen.de\" target=\"_blank\">imker@wild-und-honigbienen.de<\/a><\/h4>\n<\/td>\n<\/tr>\n<tr>\n<td width=\"258\">\n<h4>Theoretische Einf\u00fchrung und Terminabsprache<\/h4>\n<\/td>\n<td width=\"336\">\n<h4>Samstag, 28. M\u00e4rz 2015<\/h4>\n<h4>von 10 bis ca. 16 Uhr<\/h4>\n<\/td>\n<\/tr>\n<tr>\n<td width=\"258\">\n<h4>Praxisschritt 1:<br \/>\nSammelbrutableger bilden<\/h4>\n<\/td>\n<td width=\"336\">\n<h4>Dienstag, 26. Mai 2015<\/h4>\n<h4>19 bis ca. 22 Uhr<\/h4>\n<\/td>\n<\/tr>\n<tr>\n<td width=\"258\">\n<h4>Praxisschritt 2: Umlarven<\/h4>\n<\/td>\n<td width=\"336\">\n<h4>Donnerstag, 4. Juni 2015<\/h4>\n<h4>Dauer ca. 3 Stunden,<br \/>\nTermin\u00a0 10 Uhr<\/h4>\n<\/td>\n<\/tr>\n<tr>\n<td width=\"258\">\n<h4>Praxisschritt 3: Verschulen<\/h4>\n<\/td>\n<td width=\"336\">\n<h4>Montag, 15. Juni 2015<\/h4>\n<h4>19 bis ca. 21 Uhr<\/h4>\n<\/td>\n<\/tr>\n<tr>\n<td width=\"258\">\n<h4>Praxisschritt 4: Ableger aufteilen<br \/>\n+ mit MS behandeln<\/h4>\n<\/td>\n<td width=\"336\">\n<h4>Mittwoch, 17. Juni 2015<\/h4>\n<h4>19 bis ca. 22 Uhr<\/h4>\n<\/td>\n<\/tr>\n<\/tbody>\n<\/table>\n<p>&nbsp;<\/p>\n","protected":false},"excerpt":{"rendered":"<p>\u00a0 \u00a0 &gt;Dazu auch der Zeitungsberich vom 30.6.2015&lt; Auch in diesem Jahr soll wieder ein Kurs zur K\u00f6niginnenvermehrung stattfinden. &gt;Link zur Info- Sammlung von Dr. Pia Aumeier zur K\u00f6niginnenvermehrung&lt; Hierzu das vollst\u00e4ndige Kursangebot des Imkerverbandes Rheinland als &gt;pdf&lt; &#8211; dort &hellip; <a class=\"more-link\" href=\"http:\/\/www.wild-und-honigbienen.de\/?page_id=512\">Weiterlesen <span class=\"meta-nav\">&rarr;<\/span><\/a><\/p>\n","protected":false},"author":1,"featured_media":0,"parent":0,"menu_order":0,"comment_status":"closed","ping_status":"open","template":"","meta":{"footnotes":""},"_links":{"self":[{"href":"http:\/\/www.wild-und-honigbienen.de\/index.php?rest_route=\/wp\/v2\/pages\/512"}],"collection":[{"href":"http:\/\/www.wild-und-honigbienen.de\/index.php?rest_route=\/wp\/v2\/pages"}],"about":[{"href":"http:\/\/www.wild-und-honigbienen.de\/index.php?rest_route=\/wp\/v2\/types\/page"}],"author":[{"embeddable":true,"href":"http:\/\/www.wild-und-honigbienen.de\/index.php?rest_route=\/wp\/v2\/users\/1"}],"replies":[{"embeddable":true,"href":"http:\/\/www.wild-und-honigbienen.de\/index.php?rest_route=%2Fwp%2Fv2%2Fcomments&post=512"}],"version-history":[{"count":10,"href":"http:\/\/www.wild-und-honigbienen.de\/index.php?rest_route=\/wp\/v2\/pages\/512\/revisions"}],"predecessor-version":[{"id":970,"href":"http:\/\/www.wild-und-honigbienen.de\/index.php?rest_route=\/wp\/v2\/pages\/512\/revisions\/970"}],"wp:attachment":[{"href":"http:\/\/www.wild-und-honigbienen.de\/index.php?rest_route=%2Fwp%2Fv2%2Fmedia&parent=512"}],"curies":[{"name":"wp","href":"https:\/\/api.w.org\/{rel}","templated":true}]}}